0*y. Calculate l(-5).
-51
Let s(m) = -3*m**2 + 95*m - 37. Suppose -27*l = -1732 + 895. Determine s(l).
25
Suppose -z - 114 + 184 = 0. Let r = -68 + z. Let k(v) = -12 - 8*v - v**r - 31 + 53. Determine k(-7).
17
Let q = -1870 - -1271. Let z = q - -601. Let t(a) = -7*a**2 + 4*a - 3. Give t(z).
-23
Suppose 2*l - 1 = -5*u + 75, 3*l - u = 97. Let w be ((-2)/5)/((l/30)/11). Let n(m) = m**3 + 5*m**2 + 6*m + 1. Give n(w).
-7
Let f(d) = 3 - 23*d - 16*d - 8*d**2 - d**3 + 27*d - 2 - 3*d**2. Calculate f(-10).
21
Suppose -48*x = -53*x + 27 + 28. Let p(b) = b**3 - 10*b**2 - 10*b - 3. Calculate p(x).
8
Let c(q) = -q**2 + 7*q - 6. Let b be (-2 - -3)*-4 - 23. Let v be (-60)/b + (-7)/(189/6). Suppose -2*n = 5*j - 40, 0 = -4*j + v*n + 2*n + 4. What is c(j)?
0
Let v(b) = -3*b - 13. Let q(k) = -k - 15. Let u = 7 - 16. Let m be q(u). What is v(m)?
5
Suppose -366*y + 362*y + 31 = 3*x, 0 = -y - 5*x + 29. Let r(f) = f**2 + 2*f + 7. Give r(y).
31
Let x(a) = a**2 - 3*a + 2. Let v be 5 + 3/(-12)*5/((-40)/(-32)). Give x(v).
6
Let g(c) = -7*c + 17 - 10*c**3 + 21*c - 14*c**2 + 18*c**3 - 7*c**3. Give g(13).
30
Let v = -7480 + 7474. Let i(b) = b**3 + 5*b**2 - 4*b + 5. Determine i(v).
-7
Let p(w) = -w**3 + 7*w**2 - 2*w + 10. Suppose f - 15 = -3*b, -5*b + 102 = -5*f + 37. What is p(b)?
-4
Let u(r) be the first derivative of -2*r**2 + 8/3*r**3 + 0*r + 1/4*r**4 + 138. Determine u(-8).
32
Let v(p) be the third derivative of 0*p + 0 + 1/24*p**4 - 119*p**2 + 2*p**3. Let w(k) = k**2 + 5*k + 4. Let j be w(-4). Calculate v(j).
12
Let a(p) = -1 - p**2 + 32*p - 1 - 44*p - 5. Determine a(-12).
-7
Let r(c) = -c - 1. Let f be r(-6). Let g(i) = 27*i**2 - 27*i + 31. Let h(w) = -5*w**2 + 5*w - 6. Let k(z) = 2*g(z) + 11*h(z). Determine k(f).
-24
Let t(y) = 28*y + 613. Suppose 108 = -4*q - 4*u, -4*u = -4*q - 26 - 42. Give t(q).
-3
Let m(f) be the third derivative of f**6/120 + f**5/30 + f**4/6 + f**3 + 4468*f**2. Give m(-2).
-2
Let v(x) = -17*x - 75. Let g be v(-5). Suppose r = 12 - g. Let i(b) be the first derivative of 2*b**2 - 2*b - 6. Calculate i(r).
6
Suppose -280*j - 170*j + 2352 = -114*j. Let c(o) = 6*o - 31. Calculate c(j).
11
Let f(c) = c**2 + 24*c + 42. Suppose -5 = j - 3*y, -16*j - 295 = 64*y - 69*y. What is f(j)?
-38
Let r(t) = -5*t**2 - 9*t - 2. Let q(u) = 12*u**2 + 23*u + 4. Let w(m) = 2*q(m) + 5*r(m). What is w(-3)?
-14
Let a = 274 - 272. Let f(m) = 1 + 11*m**3 - 3*m + 2*m**3 - a + 2 - 12*m**3. What is f(3)?
19
Let n(o) be the second derivative of -o**4/6 + 9*o**3 + 23*o**2 + 4074*o. Determine n(28).
-10
Let s(h) = h - 4. Let u(j) = 3*j - 3. Let z be u(8). Suppose 9*v - z = 339. Let t = -36 + v. What is s(t)?
0
Suppose 0 = 65*n - 132 + 132. Let z(x) = -2*x**2 + 5*x + 3. What is z(n)?
3
Let r be 16 + (-3)/((-15)/10). Suppose -q + r = 5*z, -3*z + 4 = 3*q - 14. Suppose q*f = -2*f + 10. Let o(c) = -c**3 + 2*c**2 - c - 2. Determine o(f).
-4
Suppose 0 = 8*b - 13*b - 385. Let s be (b/33)/(3/(-9)). Let v(k) = k - 9. Calculate v(s).
-2
Let z(l) = -l**2 + 2*l + 5. Let i be 4 + (1/2)/(5/(-10)). Let y be z(i). Let k(r) = -75*r - 1 + 74*r + 1 + y. What is k(-3)?
5
Let u(y) = -3*y + 3*y**2 + 5 - 6 + y. Suppose 11 - 3 = 2*o. Suppose 36 - 28 = o*h. Determine u(h).
7
Let k(r) be the second derivative of -r + 1/6*r**3 - 1/3*r**4 + 1/20*r**5 - 5/2*r**2 + 0. Suppose -2*b - t = -10, -3*b + 3*t = 2*b - 14. Calculate k(b).
-1
Let d(a) = -7*a + 4. Let i = 5518 + -5516. Give d(i).
-10
Let c(i) = 41*i**2 + 6*i + 2. Let g = 2367 + -2369. What is c(g)?
154
Let w(x) be the third derivative of -1/60*x**5 - 1/6*x**4 + 0*x - 3*x**2 + 41 + 7/3*x**3. Give w(-7).
-7
Suppose -p + 15 = -2*c + c, 2*p = c + 35. Let h(w) be the first derivative of -3*w**2 + 28 + 2*w**2 - 6*w - p. Determine h(-7).
8
Let w(q) = -q**3 - 13*q**2 - 15*q + 41. Let n(r) = r**3 - r**2 - 2*r + 2. Let l(j) = -2*n(j) - w(j). What is l(16)?
3
Let w(j) = j**3 + 2*j**2 - 7*j - 10. Let q be w(-3). Let n(y) = y - q*y - 6*y + 8 + 3*y. What is n(6)?
-16
Let o(i) be the second derivative of -i**3/3 + i**2 + 2*i + 74. Let j be (6/(-5))/((-20)/50). Suppose -q + 2*q = -j. Determine o(q).
8
Let j(w) = -4 - 1 - 5*w - 80. What is j(-16)?
-5
Let x(d) = 5*d - 105. Let g(y) = -220*y + 4550. Let h(q) = -6*g(q) - 260*x(q). What is h(3)?
60
Let b(k) = 4*k - 8. Let y(p) = p - 1. Let f(h) = -b(h) + 2*y(h). Let g be 6/(6/9*-1) + 4. Determine f(g).
16
Let w(b) = -119*b - 38 + 39 + 124*b. Suppose 1 = -t - 0. What is w(t)?
-4
Let h(l) = -4084*l + 4083*l - 1 - 2 + 6*l**2 + 1. Let i = 0 + -2. Give h(i).
24
Let l(k) = -k**2 + 2*k + 20. Suppose 2*n = 5*i - 27 + 12, -2*n - 3 = -i. Calculate l(n).
20
Let v(a) = -2*a**3 + 2*a**2. Let r = 6 - -15. Let p(f) = r*f - 26*f + 8*f + 8. Let d be p(-2). Determine v(d).
-8
Suppose 0 = -3*y + 6*y - 69. Let w = -20 + y. Let f be w + (4 - 3) - -5. Let r(t) = -t**3 + 8*t**2 + 10*t + 2. What is r(f)?
11
Let r(a) = -14*a + 144. Let d = -830 - -840. Calculate r(d).
4
Let u(v) = -3 + 48*v**2 - 49*v**2 + 31*v - 6 + 2 + 2. What is u(30)?
25
Let t(m) = -7*m**2 - 4*m - 22. Let p(b) = 20*b**2 + 10*b + 64. Let g(y) = 6*p(y) + 17*t(y). Let x(k) = 2*k**2 - k + 2. Let a be x(2). Give g(a).
10
Let n(h) be the second derivative of -h**5/60 + h**4/6 - 5*h**3/3 + 167*h**2/2 - 6*h + 3. Let s(v) be the first derivative of n(v). Determine s(4).
-10
Let o(n) = -8 - 4 + 2*n - 7 + 2*n. Let d be (-2)/91 - 436892/(-86996). Determine o(d).
1
Let x(w) = w**2 + 12*w + 5. Suppose 0 = -b - 2*g - 11, 2*g = -30*b + 28*b - 16. Calculate x(b).
-30
Let c(r) = -r. Suppose 87 = -2*a + 95. Suppose -3*f - 579 = 4*p - 157, 0 = -a*p + 4. Let o = -145 - f. Give c(o).
3
Let r(h) be the second derivative of h**4/2 + 47*h**2/2 - 78*h. Let z(q) be the first derivative of r(q). Give z(-1).
-12
Let u(z) = 9*z**2 + 17*z - 37. Let i(t) = 13*t**2 + 21*t - 56. Let m(p) = 5*i(p) - 7*u(p). Determine m(8).
-5
Let j(d) = -78*d**2 - 318*d - 19. Let y be j(-4). Let h(l) = -2*l**3 + 8*l**2 - l - 9. What is h(y)?
-64
Suppose -7*t + 6*d - 57 = -2*t, -5*t = 4*d + 37. Let j(k) = -38*k - 337. What is j(t)?
5
Let x(m) be the first derivative of 2*m - 2 - 3/2*m**2 + 1/4*m**4 - 4/3*m**3. Suppose 6 = 2*p - 2*f, 8*f + 18 = 2*p + 12*f. Determine x(p).
12
Let k(b) = b**3 + 14*b**2 + 15*b + 4. Let c = 7288 + -7301. What is k(c)?
-22
Let d(t) be the third derivative of t**5/60 - t**4/12 + t**3/2 + 16362*t**2. Let u be 1*2/2*5. Calculate d(u).
18
Let n be -7 - (1 + (-5 - -5))*34/(-17). Let q(b) = -1. Let r = 8 + -2. Let s(x) = x**3 + 5*x**2 + x - 5. Let m(c) = r*q(c) - s(c). What is m(n)?
4
Let r be (-8)/(-2) + -4 + 2. Let b(h) be the third derivative of h**8/20160 - h**6/360 - h**5/60 - 7*h**2. Let n(z) be the third derivative of b(z). Give n(r).
2
Let a(t) be the second derivative of -t**3 + 12*t**2 + 78*t + 18. Determine a(5).
-6
Let z(p) = p**2 - 6*p - 154. Let a(k) = 2*k**2 - 14*k - 307. Let y(s) = -6*a(s) + 11*z(s). Determine y(24).
4
Let j(i) = -2*i**2 + 3*i**2 - 152*i + 52*i + 47*i + 48*i + 11. Calculate j(4).
7
Let d(h) be the first derivative of h**3 + 45*h**2/2 + 26*h - 1424. What is d(-13)?
-52
Let i(h) be the third derivative of 0 + 3*h**3 + 0*h + 3/40*h**5 - 1/24*h**4 + 3*h**2. Let o(d) be the first derivative of i(d). What is o(2)?
17
Let v(k) = k**2 + 6*k. Let m(a) = 5*a - 33. Let w be m(12). Let j be (2/4 - w/18)*26. Let q = j + 20. Calculate v(q).
0
Let h(f) = 127 + 11*f - 66 + f**3 - 85 + 15*f**2. Give h(-14).
18
Suppose 34*w = 38*w - 48. Let k be (-3)/(-12) - (-9)/w. Let q be k/8*4*4. Let x(d) = -d**2 + d. Give x(q).
-2
Let l be -5 - ((-6825)/36)/35. Let k(m) be the second derivative of 0 - 7*m + 1/6*m**3 - 1/20*m**5 - l*m**4 + 5/2*m**2. Calculate k(-4).
-15
Let z(w) = -w**2 + 6*w - 3. Let c be z(4). Let q(l) = -3 - 6 + c + l. Let d(j) = j**3 - 2*j**2 - j + 5. Let x be d(0). What is q(x)?
1
Suppose 1209*v = 1255*v - 322. Let a(f) = f**3 + 4 + 0 - 8*f**2 + 5*f + 3. Give a(v).
-7
Let u(v) = 63*v - 11*v - 17*v + 4 + v**2 - 29*v. Let t = 14 - 17. Calculate u(t).
-5
Suppose -6*r + 53 = -25. Let g = 15 - r. Let d(u) = -12*u + 8 + 2*u + u**g + 18*u. Determine d(-6).
-4
Suppose 58 = 4*y - 3*j - 2*j, -3*j + 54 = 5*y. Let t(c) = -2*c + 25. Let w be t(y). Suppose -n + w = 2. Let p(l) = 10*l. Determine p(n).
-10
Let d(x) = x**3 - 3*x**2 - 6*x + 4. Suppose -15*q = -21*q - 300. Let n = -46 - q. Give d(n).
